{"id":48,"date":"2015-03-08T09:00:06","date_gmt":"2015-03-08T08:00:06","guid":{"rendered":"http:\/\/www.idrr.fr\/WordPress\/?page_id=48"},"modified":"2018-04-04T19:19:25","modified_gmt":"2018-04-04T17:19:25","slug":"defis-solaires","status":"publish","type":"page","link":"https:\/\/www.idrr.fr\/WordPress\/scolaires\/defis-solaires\/","title":{"rendered":"Les d\u00e9fis solaires"},"content":{"rendered":"<p class=\"rtejustify\" style=\"text-align: center;\">L\u2019IDRR en 2015 se lance dans les D\u00e9fis Solaires. Ce dispositif est port\u00e9 par Plan\u00e8te Science au niveau Midi-Pyr\u00e9n\u00e9es et par le CDDP au niveau d\u00e9partemental. \u00a0L\u2019objectif des D\u00e9fis Solaires est la construction de v\u00e9hicules solaires tout au long de l\u2019ann\u00e9e scolaires. Au dela de la source d\u2019alimentation, la volont\u00e9 de s\u2019engager dans une d\u00e9marche de d\u00e9veloppement durable s\u2019\u00e9tends sur la globalit\u00e9 du prototype qui se doit d\u2019\u00eatre fabriqu\u00e9 avec un maximum de mat\u00e9riaux de r\u00e9cup\u00e9ration (objets cass\u00e9s, carton, plastique, etc.).<\/p>\n<p class=\"rtejustify\" style=\"text-align: justify;\">Les \u00e9l\u00e8ves sont ainsi amen\u00e9 \u00e0 mener toute une d\u00e9marche de recherche sur les mat\u00e9riaux (masse, solidit\u00e9, flexibilit\u00e9, forme, etc.), sur les objets dont ils disposent chez eux et qui peuvent \u00eatre tr\u00e8s int\u00e9ressant \u00e0 travailler pour construire des objets comme des voitures. Ils acqui\u00e8rent aussi des notions en physique (\u00e9lectricit\u00e9, mouvement, frottement, r\u00e9sistance, etc.) et adoptent le vocabulaire de base sp\u00e9cifique \u00e0 la voiture.<\/p>\n<p><img decoding=\"async\" loading=\"lazy\" class=\"wp-image-45 aligncenter\" src=\"http:\/\/www.idrr.fr\/WordPress\/wp-content\/uploads\/2016\/09\/477x267xDSC00052-300x168.jpg.pagespeed.ic.7ONkkCs84Q.jpg\" sizes=\"(max-width: 477px) 100vw, 477px\" srcset=\"http:\/\/www.idrr.fr\/WordPress\/wp-content\/uploads\/2016\/09\/DSC00052-300x168.jpg 300w, http:\/\/www.idrr.fr\/WordPress\/wp-content\/uploads\/2016\/09\/DSC00052-768x431.jpg 768w, http:\/\/www.idrr.fr\/WordPress\/wp-content\/uploads\/2016\/09\/DSC00052-1024x574.jpg 1024w\" alt=\"SONY DSC\" width=\"477\" height=\"267\" \/><\/p>\n<p class=\"rtejustify\" style=\"text-align: justify;\">Une fois les v\u00e9hicules construits les \u00e9l\u00e8ves entament une nouvelle d\u00e9marche: l\u2019optimisation. Maintenant qu\u2019ils disposent d\u2019un v\u00e9hicule fonctionnant il leur faut travailler \u00e0 l\u2019am\u00e9lioration de leur cr\u00e9ation afin d\u2019obtenir la meilleure (plus rapide, plus endurante)voiture. En effet, en fin d\u2019ann\u00e9e scolaire deux \u00e9v\u00e9nements sont organis\u00e9s. Le premier par Plan\u00e8te Science o\u00f9 les \u00e9tablissements de Midi-Pyr\u00e9n\u00e9es peuvent confronter leurs v\u00e9hicules et le second \u00e0 l\u2019\u00e9chelle d\u00e9partementale o\u00f9 tous les \u00e9tablissements tarnais participants au dispositif se rencontrent.<\/p>\n<p class=\"rtejustify\" style=\"text-align: justify;\">Pour cette premi\u00e8re ann\u00e9e de participation au dispositif nous avons motiv\u00e9 22 coll\u00e9giens pour participer \u00e0 ces d\u00e9fis. Ces \u00e9l\u00e8ves sont inscrits dans les coll\u00e8ges de Lautrec et Vielmur. Les 2 \u00e9v\u00e9nements auront lieu le 28 mai pour la rencontre r\u00e9gionale \u00e0 la Cit\u00e9 de l\u2019espace de Toulouse et le 5 juin la rencontre d\u00e9partementale se d\u00e9roulera \u00e0 Labessi\u00e8re Candeil.<\/p>\n<p class=\"rtejustify\"><img decoding=\"async\" loading=\"lazy\" class=\"wp-image-72 aligncenter\" src=\"http:\/\/www.idrr.fr\/WordPress\/wp-content\/uploads\/2016\/09\/D\u00e9fis-solaire-IDRR-Tarn-300x198.png\" alt=\"defis-solaire-idrr-tarn\" width=\"480\" height=\"317\" srcset=\"https:\/\/www.idrr.fr\/WordPress\/wp-content\/uploads\/2016\/09\/D\u00e9fis-solaire-IDRR-Tarn-300x198.png 300w, https:\/\/www.idrr.fr\/WordPress\/wp-content\/uploads\/2016\/09\/D\u00e9fis-solaire-IDRR-Tarn-768x507.png 768w, https:\/\/www.idrr.fr\/WordPress\/wp-content\/uploads\/2016\/09\/D\u00e9fis-solaire-IDRR-Tarn-1024x677.png 1024w, https:\/\/www.idrr.fr\/WordPress\/wp-content\/uploads\/2016\/09\/D\u00e9fis-solaire-IDRR-Tarn.png 1179w\" sizes=\"(max-width: 480px) 100vw, 480px\" \/><\/p>\n<p class=\"rtejustify\" style=\"text-align: center;\">\u2014\u2014\u2014\u2014\u2014\u2014\u2014\u2014\u2014\u2014\u2014\u2014\u2014\u2014\u2014\u2014\u2014\u2014\u2014\u2014\u2014\u2014\u2014\u2014\u2014\u2014\u2014\u2014\u2014\u2014\u2014\u2014\u2014\u2014\u2014\u2014\u2014\u2014\u2014\u2013<\/p>\n<h2 class=\"rtejustify\" style=\"text-align: center;\">Modalit\u00e9s:<\/h2>\n<p class=\"rtejustify\" style=\"text-align: center;\">\u2013 Le dispositif D\u00e9fis solaires est un projet \u00e0 mener sur toute l\u2019ann\u00e9e. Cette condition est importante car il faut laisser aux \u00e9l\u00e8ves ce temps pour qu\u2019ils m\u00fbrissent leur conception du prototype.<\/p>\n<p class=\"rtejustify\" style=\"text-align: center;\">\u2013 Il peut se d\u00e9rouler sur le temps scolaire ou p\u00e9ri-scolaire (entre 12h et 13h).<\/p>\n<p class=\"rtejustify\" style=\"text-align: center;\">\u2013 L\u2019adh\u00e9sion (obligatoire) \u00e0 Plan\u00e8te Science est de 50 euros pour les \u00e9tablissements scolaires sauf pour les coll\u00e8ges ou le prix est de 25 euros.<\/p>\n<p style=\"text-align: center;\"><strong><u>Nos Tarifs<\/u><\/strong>:\u00a0<a href=\"http:\/\/www.idrr.fr\/WordPress\/espace-enseignant\">Ici<\/a><\/p>\n<p>&nbsp;<\/p>\n<p>&nbsp;<\/p>\n<p>&nbsp;<\/p>\n","protected":false},"excerpt":{"rendered":"<p>L\u2019IDRR en 2015 se lance dans les D\u00e9fis Solaires. Ce dispositif est port\u00e9 par Plan\u00e8te Science au niveau Midi-Pyr\u00e9n\u00e9es et par le CDDP au niveau d\u00e9partemental. \u00a0L\u2019objectif des D\u00e9fis Solaires <a class=\"more-link\" href=\"https:\/\/www.idrr.fr\/WordPress\/scolaires\/defis-solaires\/\">lire la suite \u2192<\/a><\/p>\n","protected":false},"author":1,"featured_media":0,"parent":82,"menu_order":0,"comment_status":"closed","ping_status":"closed","template":"","meta":[],"yoast_head":"<!-- This site is optimized with the Yoast SEO plugin v20.0 - https:\/\/yoast.com\/wordpress\/plugins\/seo\/ -->\n<title>Les d\u00e9fis solaires - IDRR<\/title>\n<meta name=\"robots\" content=\"index, follow, max-snippet:-1, max-image-preview:large, max-video-preview:-1\" \/>\n<link rel=\"canonical\" href=\"https:\/\/www.idrr.fr\/WordPress\/scolaires\/defis-solaires\/\" \/>\n<meta property=\"og:locale\" content=\"fr_FR\" \/>\n<meta property=\"og:type\" content=\"article\" \/>\n<meta property=\"og:title\" content=\"Les d\u00e9fis solaires - IDRR\" \/>\n<meta property=\"og:description\" content=\"L\u2019IDRR en 2015 se lance dans les D\u00e9fis Solaires. Ce dispositif est port\u00e9 par Plan\u00e8te Science au niveau Midi-Pyr\u00e9n\u00e9es et par le CDDP au niveau d\u00e9partemental. \u00a0L\u2019objectif des D\u00e9fis Solaires lire la suite \u2192\" \/>\n<meta property=\"og:url\" content=\"https:\/\/www.idrr.fr\/WordPress\/scolaires\/defis-solaires\/\" \/>\n<meta property=\"og:site_name\" content=\"IDRR\" \/>\n<meta property=\"article:modified_time\" content=\"2018-04-04T17:19:25+00:00\" \/>\n<meta property=\"og:image\" content=\"http:\/\/www.idrr.fr\/WordPress\/wp-content\/uploads\/2016\/09\/477x267xDSC00052-300x168.jpg.pagespeed.ic.7ONkkCs84Q.jpg\" \/>\n<meta name=\"twitter:card\" content=\"summary_large_image\" \/>\n<meta name=\"twitter:label1\" content=\"Dur\u00e9e de lecture estim\u00e9e\" \/>\n\t<meta name=\"twitter:data1\" content=\"2 minutes\" \/>\n<script type=\"application\/ld+json\" class=\"yoast-schema-graph\">{\"@context\":\"https:\/\/schema.org\",\"@graph\":[{\"@type\":\"WebPage\",\"@id\":\"https:\/\/www.idrr.fr\/WordPress\/scolaires\/defis-solaires\/\",\"url\":\"https:\/\/www.idrr.fr\/WordPress\/scolaires\/defis-solaires\/\",\"name\":\"Les d\u00e9fis solaires - IDRR\",\"isPartOf\":{\"@id\":\"https:\/\/www.idrr.fr\/WordPress\/#website\"},\"datePublished\":\"2015-03-08T08:00:06+00:00\",\"dateModified\":\"2018-04-04T17:19:25+00:00\",\"breadcrumb\":{\"@id\":\"https:\/\/www.idrr.fr\/WordPress\/scolaires\/defis-solaires\/#breadcrumb\"},\"inLanguage\":\"fr-FR\",\"potentialAction\":[{\"@type\":\"ReadAction\",\"target\":[\"https:\/\/www.idrr.fr\/WordPress\/scolaires\/defis-solaires\/\"]}]},{\"@type\":\"BreadcrumbList\",\"@id\":\"https:\/\/www.idrr.fr\/WordPress\/scolaires\/defis-solaires\/#breadcrumb\",\"itemListElement\":[{\"@type\":\"ListItem\",\"position\":1,\"name\":\"Accueil\",\"item\":\"https:\/\/www.idrr.fr\/WordPress\/\"},{\"@type\":\"ListItem\",\"position\":2,\"name\":\"Scolaires\",\"item\":\"https:\/\/www.idrr.fr\/WordPress\/scolaires\/\"},{\"@type\":\"ListItem\",\"position\":3,\"name\":\"Les d\u00e9fis solaires\"}]},{\"@type\":\"WebSite\",\"@id\":\"https:\/\/www.idrr.fr\/WordPress\/#website\",\"url\":\"https:\/\/www.idrr.fr\/WordPress\/\",\"name\":\"IDRR\",\"description\":\"Institut de D\u00e9veloppement des Ressources Renouvelables\",\"publisher\":{\"@id\":\"https:\/\/www.idrr.fr\/WordPress\/#organization\"},\"potentialAction\":[{\"@type\":\"SearchAction\",\"target\":{\"@type\":\"EntryPoint\",\"urlTemplate\":\"https:\/\/www.idrr.fr\/WordPress\/?s={search_term_string}\"},\"query-input\":\"required name=search_term_string\"}],\"inLanguage\":\"fr-FR\"},{\"@type\":\"Organization\",\"@id\":\"https:\/\/www.idrr.fr\/WordPress\/#organization\",\"name\":\"IDRR\",\"url\":\"https:\/\/www.idrr.fr\/WordPress\/\",\"logo\":{\"@type\":\"ImageObject\",\"inLanguage\":\"fr-FR\",\"@id\":\"https:\/\/www.idrr.fr\/WordPress\/#\/schema\/logo\/image\/\",\"url\":\"https:\/\/www.idrr.fr\/WordPress\/wp-content\/uploads\/2016\/09\/Iconne-logo_02.png\",\"contentUrl\":\"https:\/\/www.idrr.fr\/WordPress\/wp-content\/uploads\/2016\/09\/Iconne-logo_02.png\",\"width\":89,\"height\":88,\"caption\":\"IDRR\"},\"image\":{\"@id\":\"https:\/\/www.idrr.fr\/WordPress\/#\/schema\/logo\/image\/\"}}]}<\/script>\n<!-- \/ Yoast SEO plugin. -->","yoast_head_json":{"title":"Les d\u00e9fis solaires - IDRR","robots":{"index":"index","follow":"follow","max-snippet":"max-snippet:-1","max-image-preview":"max-image-preview:large","max-video-preview":"max-video-preview:-1"},"canonical":"https:\/\/www.idrr.fr\/WordPress\/scolaires\/defis-solaires\/","og_locale":"fr_FR","og_type":"article","og_title":"Les d\u00e9fis solaires - IDRR","og_description":"L\u2019IDRR en 2015 se lance dans les D\u00e9fis Solaires. Ce dispositif est port\u00e9 par Plan\u00e8te Science au niveau Midi-Pyr\u00e9n\u00e9es et par le CDDP au niveau d\u00e9partemental. \u00a0L\u2019objectif des D\u00e9fis Solaires lire la suite \u2192","og_url":"https:\/\/www.idrr.fr\/WordPress\/scolaires\/defis-solaires\/","og_site_name":"IDRR","article_modified_time":"2018-04-04T17:19:25+00:00","og_image":[{"url":"http:\/\/www.idrr.fr\/WordPress\/wp-content\/uploads\/2016\/09\/477x267xDSC00052-300x168.jpg.pagespeed.ic.7ONkkCs84Q.jpg"}],"twitter_card":"summary_large_image","twitter_misc":{"Dur\u00e9e de lecture estim\u00e9e":"2 minutes"},"schema":{"@context":"https:\/\/schema.org","@graph":[{"@type":"WebPage","@id":"https:\/\/www.idrr.fr\/WordPress\/scolaires\/defis-solaires\/","url":"https:\/\/www.idrr.fr\/WordPress\/scolaires\/defis-solaires\/","name":"Les d\u00e9fis solaires - IDRR","isPartOf":{"@id":"https:\/\/www.idrr.fr\/WordPress\/#website"},"datePublished":"2015-03-08T08:00:06+00:00","dateModified":"2018-04-04T17:19:25+00:00","breadcrumb":{"@id":"https:\/\/www.idrr.fr\/WordPress\/scolaires\/defis-solaires\/#breadcrumb"},"inLanguage":"fr-FR","potentialAction":[{"@type":"ReadAction","target":["https:\/\/www.idrr.fr\/WordPress\/scolaires\/defis-solaires\/"]}]},{"@type":"BreadcrumbList","@id":"https:\/\/www.idrr.fr\/WordPress\/scolaires\/defis-solaires\/#breadcrumb","itemListElement":[{"@type":"ListItem","position":1,"name":"Accueil","item":"https:\/\/www.idrr.fr\/WordPress\/"},{"@type":"ListItem","position":2,"name":"Scolaires","item":"https:\/\/www.idrr.fr\/WordPress\/scolaires\/"},{"@type":"ListItem","position":3,"name":"Les d\u00e9fis solaires"}]},{"@type":"WebSite","@id":"https:\/\/www.idrr.fr\/WordPress\/#website","url":"https:\/\/www.idrr.fr\/WordPress\/","name":"IDRR","description":"Institut de D\u00e9veloppement des Ressources Renouvelables","publisher":{"@id":"https:\/\/www.idrr.fr\/WordPress\/#organization"},"potentialAction":[{"@type":"SearchAction","target":{"@type":"EntryPoint","urlTemplate":"https:\/\/www.idrr.fr\/WordPress\/?s={search_term_string}"},"query-input":"required name=search_term_string"}],"inLanguage":"fr-FR"},{"@type":"Organization","@id":"https:\/\/www.idrr.fr\/WordPress\/#organization","name":"IDRR","url":"https:\/\/www.idrr.fr\/WordPress\/","logo":{"@type":"ImageObject","inLanguage":"fr-FR","@id":"https:\/\/www.idrr.fr\/WordPress\/#\/schema\/logo\/image\/","url":"https:\/\/www.idrr.fr\/WordPress\/wp-content\/uploads\/2016\/09\/Iconne-logo_02.png","contentUrl":"https:\/\/www.idrr.fr\/WordPress\/wp-content\/uploads\/2016\/09\/Iconne-logo_02.png","width":89,"height":88,"caption":"IDRR"},"image":{"@id":"https:\/\/www.idrr.fr\/WordPress\/#\/schema\/logo\/image\/"}}]}},"_links":{"self":[{"href":"https:\/\/www.idrr.fr\/WordPress\/wp-json\/wp\/v2\/pages\/48"}],"collection":[{"href":"https:\/\/www.idrr.fr\/WordPress\/wp-json\/wp\/v2\/pages"}],"about":[{"href":"https:\/\/www.idrr.fr\/WordPress\/wp-json\/wp\/v2\/types\/page"}],"author":[{"embeddable":true,"href":"https:\/\/www.idrr.fr\/WordPress\/wp-json\/wp\/v2\/users\/1"}],"replies":[{"embeddable":true,"href":"https:\/\/www.idrr.fr\/WordPress\/wp-json\/wp\/v2\/comments?post=48"}],"version-history":[{"count":9,"href":"https:\/\/www.idrr.fr\/WordPress\/wp-json\/wp\/v2\/pages\/48\/revisions"}],"predecessor-version":[{"id":519,"href":"https:\/\/www.idrr.fr\/WordPress\/wp-json\/wp\/v2\/pages\/48\/revisions\/519"}],"up":[{"embeddable":true,"href":"https:\/\/www.idrr.fr\/WordPress\/wp-json\/wp\/v2\/pages\/82"}],"wp:attachment":[{"href":"https:\/\/www.idrr.fr\/WordPress\/wp-json\/wp\/v2\/media?parent=48"}],"curies":[{"name":"wp","href":"https:\/\/api.w.org\/{rel}","templated":true}]}}