{"id":364,"date":"2017-09-15T13:24:05","date_gmt":"2017-09-15T11:24:05","guid":{"rendered":"http:\/\/www.idrr.fr\/WordPress\/?page_id=364"},"modified":"2018-09-09T18:50:15","modified_gmt":"2018-09-09T16:50:15","slug":"fete-de-science-tarn","status":"publish","type":"page","link":"https:\/\/www.idrr.fr\/WordPress\/des-actions-fortes\/fete-de-science-tarn\/","title":{"rendered":"F\u00eate de la science Tarn"},"content":{"rendered":"<p>La F\u00eate de la Science s\u2019installe dans tout le d\u00e9partement du Tarn tous les ans au mois d&rsquo;octobre. Les actions des partenaires pr\u00e9sents \u00e0 nos c\u00f4t\u00e9s depuis de nombreuses ann\u00e9es pour cette formidable plong\u00e9e annuelle dans le monde scientifique sont list\u00e9s dans une brochure disponible num\u00e9riquement ou accessible dans de tr\u00e8s nombreux lieux culturels du d\u00e9partement&#8230;<\/p>\n<p>Cet \u00e9v\u00e9nement est soutenu par des collectivit\u00e9s publiques, de nombreuses structures associatives et des entreprises qui \u0153uvrent pour offrir la F\u00eate de la Science. Ce projet est financ\u00e9 par le Fonds europ\u00e9en de d\u00e9veloppement r\u00e9gional.<\/p>\n<p>Que serions-nous sans la science ? Il suffit de regarder tout autour de nous : dans la moindre de nos actions se cache de la science. Au quotidien, par exemple, nous utilisons de nombreux objets dont la complexit\u00e9 technologique ne cesse de cro\u00eetre. Mais la science est bien plus que cela. Les sciences naturelles, aussi bien que les sciences humaines entrent dans le domaine scientifique \u00e0 part enti\u00e8re. Tous les jours, des chercheurs travaillent \u00e0 am\u00e9liorer nos connaissances dans chacun de ces domaines. Et chaque jour, des d\u00e9couvertes trouvent de nouvelles applications et deviennent des incontournables de notre existence. C\u2019est parce que nous sommes persuad\u00e9s que chercher \u00e0 comprendre le monde \u00e0 travers la science est un acte citoyen, que nous souhaitons offrir \u00e0 l&rsquo;ensemble des tarnais la possibilit\u00e9 de comprendre la science et le monde, \u00e0 travers les diff\u00e9rentes actions de la f\u00eate de la science.<\/p>\n<p>Ainsi le Village des Sciences depuis 2 ans voyage dans trois localit\u00e9s diff\u00e9rentes o\u00f9 sont d\u00e9velopp\u00e9s 3 th\u00e9matiques diff\u00e9rentes.<\/p>\n<p>L\u2019objectif ? Partager la science avec chaque Tarnais, qu\u2019il soit urbain, rural, scientifique en herbe, curieux de nature, scientifique confirm\u00e9, petit ou grand&#8230;<\/p>\n<p>A chaque \u00e9tape, une dizaine de stands anim\u00e9s par des laboratoires, des associations, des entreprises et des \u00e9tablissements d\u2019enseignement vous permettront de d\u00e9couvrir la science sous tous ses aspects.<\/p>\n<p>Le mois d\u2019octobre sera aussi marqu\u00e9 par de nombreuses actions de d\u00e9couvertes, de visites, d\u2019ateliers, de d\u00e9monstrations, de conf\u00e9rences, d\u2019expositions qui se d\u00e9rouleront sur l&rsquo;ensemble du territoire d\u00e9partemental. Les laboratoires de recherche de l\u2019Institut Mines T\u00e9l\u00e9com d&rsquo;Albi-Carmaux seront ouverts aux visites scolaires pour favoriser un dialogue direct avec les chercheurs sur leur lieu de travail, au sein m\u00eame des laboratoires de recherche.<\/p>\n<p>Si vous souhaitez embarquer pour une ou plusieurs \u00e9tapes, la programmation compl\u00e8te est d\u00e9taill\u00e9e plus avant dans la brochure. Ce foisonnant programme, t\u00e9moin de la richesse de la culture scientifique dans l&rsquo;ensemble du d\u00e9partement du Tarn, invite chacun d&rsquo;entre vous \u00e0 venir ensemble, f\u00eater la science.<\/p>\n<p>En 2016<\/p>\n<p>La premi\u00e8re escale s&rsquo;est faite \u00e0 Montredon-Labessonni\u00e9 o\u00f9 les citoyens ont pu rencontrer la science \u00ab\u00a0Du ciel \u00e0 la terre\u00a0\u00bb (6 au 8 octobre). Le voyage s&rsquo;est poursuivit \u00e0 Albi pour s\u2019orienter vers la recherche et la technique permettant de passer \u00ab\u00a0Du virtuel au r\u00e9el\u00a0\u00bb (13 au 15 octobre). Pour son dernier arr\u00eat, Puylaurens a trait\u00e9 d\u2019une th\u00e9matique des plus essentielles, \u00e0 savoir la science \u00ab\u00a0Du champ \u00e0 l\u2019assiette\u00a0\u00bb (17 au 19 octobre).<\/p>\n<p>&nbsp;<\/p>\n<p>En 2017<\/p>\n<p>La premi\u00e8re \u00e9tape sera celle de Montredon-Labessonni\u00e9 o\u00f9 vous d\u00e9couvrirez les mythes et les r\u00e9alit\u00e9s autour des m\u00e9t\u00e9orites, ast\u00e9ro\u00efdes et com\u00e8tes. Le voyage se poursuivra \u00e0 Albi (Ecole Europ\u00e9enne de l&rsquo;Art et des Mati\u00e8res) pour se laisser surprendre par la science, la technique et les arts. Pour son dernier arr\u00eat \u00e0 Puylaurens, le village\u00a0 traitera d\u2019une th\u00e9matique des plus essentielles, \u00e0 savoir les rapports entre la science et la soci\u00e9t\u00e9.<\/p>\n<p>&nbsp;<\/p>\n<p>En 2018<\/p>\n<p>Le village des sciences itin\u00e9rant voyagera dans le Tarn pour aller au plus pr\u00e8s des habitants. Il s\u2019installera en premier \u00e0 Carmaux les 2, 3, 4, 6 et 7 octobre sur la th\u00e9matique de la transition \u00e9nerg\u00e9tique. Ensuite du 2 au 24 octobre, Focus sur l\u2019Albigeois sous la forme d\u2019un parcours o\u00f9 \u00e9v\u00e9nements et actions seront organis\u00e9s sur le th\u00e8me de l\u2019actualis\u00e9 scientifique. Et enfin le Village se dirigera\u00a0vers Sa\u00efx du 17 au 20 octobre, o\u00f9 les questions autour de l\u2019eau seront abord\u00e9es.<\/p>\n<p>&nbsp;<\/p>\n<p>Bonne F\u00eate de la Science \u00e0 tous!<\/p>\n<p>Le Collectif pour la F\u00eate de la Science<\/p>\n","protected":false},"excerpt":{"rendered":"<p>La F\u00eate de la Science s\u2019installe dans tout le d\u00e9partement du Tarn tous les ans au mois d&rsquo;octobre. Les actions des partenaires pr\u00e9sents \u00e0 nos c\u00f4t\u00e9s depuis de nombreuses ann\u00e9es <a class=\"more-link\" href=\"https:\/\/www.idrr.fr\/WordPress\/des-actions-fortes\/fete-de-science-tarn\/\">lire la suite \u2192<\/a><\/p>\n","protected":false},"author":1,"featured_media":554,"parent":231,"menu_order":0,"comment_status":"closed","ping_status":"closed","template":"","meta":[],"yoast_head":"<!-- This site is optimized with the Yoast SEO plugin v20.0 - https:\/\/yoast.com\/wordpress\/plugins\/seo\/ -->\n<title>F\u00eate de la science Tarn - IDRR<\/title>\n<meta name=\"robots\" content=\"index, follow, max-snippet:-1, max-image-preview:large, max-video-preview:-1\" \/>\n<link rel=\"canonical\" href=\"https:\/\/www.idrr.fr\/WordPress\/des-actions-fortes\/fete-de-science-tarn\/\" \/>\n<meta property=\"og:locale\" content=\"fr_FR\" \/>\n<meta property=\"og:type\" content=\"article\" \/>\n<meta property=\"og:title\" content=\"F\u00eate de la science Tarn - IDRR\" \/>\n<meta property=\"og:description\" content=\"La F\u00eate de la Science s\u2019installe dans tout le d\u00e9partement du Tarn tous les ans au mois d&rsquo;octobre. Les actions des partenaires pr\u00e9sents \u00e0 nos c\u00f4t\u00e9s depuis de nombreuses ann\u00e9es lire la suite \u2192\" \/>\n<meta property=\"og:url\" content=\"https:\/\/www.idrr.fr\/WordPress\/des-actions-fortes\/fete-de-science-tarn\/\" \/>\n<meta property=\"og:site_name\" content=\"IDRR\" \/>\n<meta property=\"article:modified_time\" content=\"2018-09-09T16:50:15+00:00\" \/>\n<meta property=\"og:image\" content=\"https:\/\/www.idrr.fr\/WordPress\/wp-content\/uploads\/2018\/09\/Tarn-A3-2018.jpg\" \/>\n\t<meta property=\"og:image:width\" content=\"835\" \/>\n\t<meta property=\"og:image:height\" content=\"1181\" \/>\n\t<meta property=\"og:image:type\" content=\"image\/jpeg\" \/>\n<meta name=\"twitter:card\" content=\"summary_large_image\" \/>\n<meta name=\"twitter:label1\" content=\"Dur\u00e9e de lecture estim\u00e9e\" \/>\n\t<meta name=\"twitter:data1\" content=\"4 minutes\" \/>\n<script type=\"application\/ld+json\" class=\"yoast-schema-graph\">{\"@context\":\"https:\/\/schema.org\",\"@graph\":[{\"@type\":\"WebPage\",\"@id\":\"https:\/\/www.idrr.fr\/WordPress\/des-actions-fortes\/fete-de-science-tarn\/\",\"url\":\"https:\/\/www.idrr.fr\/WordPress\/des-actions-fortes\/fete-de-science-tarn\/\",\"name\":\"F\u00eate de la science Tarn - IDRR\",\"isPartOf\":{\"@id\":\"https:\/\/www.idrr.fr\/WordPress\/#website\"},\"datePublished\":\"2017-09-15T11:24:05+00:00\",\"dateModified\":\"2018-09-09T16:50:15+00:00\",\"breadcrumb\":{\"@id\":\"https:\/\/www.idrr.fr\/WordPress\/des-actions-fortes\/fete-de-science-tarn\/#breadcrumb\"},\"inLanguage\":\"fr-FR\",\"potentialAction\":[{\"@type\":\"ReadAction\",\"target\":[\"https:\/\/www.idrr.fr\/WordPress\/des-actions-fortes\/fete-de-science-tarn\/\"]}]},{\"@type\":\"BreadcrumbList\",\"@id\":\"https:\/\/www.idrr.fr\/WordPress\/des-actions-fortes\/fete-de-science-tarn\/#breadcrumb\",\"itemListElement\":[{\"@type\":\"ListItem\",\"position\":1,\"name\":\"Accueil\",\"item\":\"https:\/\/www.idrr.fr\/WordPress\/\"},{\"@type\":\"ListItem\",\"position\":2,\"name\":\"Des actions fortes\",\"item\":\"https:\/\/www.idrr.fr\/WordPress\/des-actions-fortes\/\"},{\"@type\":\"ListItem\",\"position\":3,\"name\":\"F\u00eate de la science Tarn\"}]},{\"@type\":\"WebSite\",\"@id\":\"https:\/\/www.idrr.fr\/WordPress\/#website\",\"url\":\"https:\/\/www.idrr.fr\/WordPress\/\",\"name\":\"IDRR\",\"description\":\"Institut de D\u00e9veloppement des Ressources Renouvelables\",\"publisher\":{\"@id\":\"https:\/\/www.idrr.fr\/WordPress\/#organization\"},\"potentialAction\":[{\"@type\":\"SearchAction\",\"target\":{\"@type\":\"EntryPoint\",\"urlTemplate\":\"https:\/\/www.idrr.fr\/WordPress\/?s={search_term_string}\"},\"query-input\":\"required name=search_term_string\"}],\"inLanguage\":\"fr-FR\"},{\"@type\":\"Organization\",\"@id\":\"https:\/\/www.idrr.fr\/WordPress\/#organization\",\"name\":\"IDRR\",\"url\":\"https:\/\/www.idrr.fr\/WordPress\/\",\"logo\":{\"@type\":\"ImageObject\",\"inLanguage\":\"fr-FR\",\"@id\":\"https:\/\/www.idrr.fr\/WordPress\/#\/schema\/logo\/image\/\",\"url\":\"https:\/\/www.idrr.fr\/WordPress\/wp-content\/uploads\/2016\/09\/Iconne-logo_02.png\",\"contentUrl\":\"https:\/\/www.idrr.fr\/WordPress\/wp-content\/uploads\/2016\/09\/Iconne-logo_02.png\",\"width\":89,\"height\":88,\"caption\":\"IDRR\"},\"image\":{\"@id\":\"https:\/\/www.idrr.fr\/WordPress\/#\/schema\/logo\/image\/\"}}]}<\/script>\n<!-- \/ Yoast SEO plugin. -->","yoast_head_json":{"title":"F\u00eate de la science Tarn - IDRR","robots":{"index":"index","follow":"follow","max-snippet":"max-snippet:-1","max-image-preview":"max-image-preview:large","max-video-preview":"max-video-preview:-1"},"canonical":"https:\/\/www.idrr.fr\/WordPress\/des-actions-fortes\/fete-de-science-tarn\/","og_locale":"fr_FR","og_type":"article","og_title":"F\u00eate de la science Tarn - IDRR","og_description":"La F\u00eate de la Science s\u2019installe dans tout le d\u00e9partement du Tarn tous les ans au mois d&rsquo;octobre. Les actions des partenaires pr\u00e9sents \u00e0 nos c\u00f4t\u00e9s depuis de nombreuses ann\u00e9es lire la suite \u2192","og_url":"https:\/\/www.idrr.fr\/WordPress\/des-actions-fortes\/fete-de-science-tarn\/","og_site_name":"IDRR","article_modified_time":"2018-09-09T16:50:15+00:00","og_image":[{"width":835,"height":1181,"url":"https:\/\/www.idrr.fr\/WordPress\/wp-content\/uploads\/2018\/09\/Tarn-A3-2018.jpg","type":"image\/jpeg"}],"twitter_card":"summary_large_image","twitter_misc":{"Dur\u00e9e de lecture estim\u00e9e":"4 minutes"},"schema":{"@context":"https:\/\/schema.org","@graph":[{"@type":"WebPage","@id":"https:\/\/www.idrr.fr\/WordPress\/des-actions-fortes\/fete-de-science-tarn\/","url":"https:\/\/www.idrr.fr\/WordPress\/des-actions-fortes\/fete-de-science-tarn\/","name":"F\u00eate de la science Tarn - IDRR","isPartOf":{"@id":"https:\/\/www.idrr.fr\/WordPress\/#website"},"datePublished":"2017-09-15T11:24:05+00:00","dateModified":"2018-09-09T16:50:15+00:00","breadcrumb":{"@id":"https:\/\/www.idrr.fr\/WordPress\/des-actions-fortes\/fete-de-science-tarn\/#breadcrumb"},"inLanguage":"fr-FR","potentialAction":[{"@type":"ReadAction","target":["https:\/\/www.idrr.fr\/WordPress\/des-actions-fortes\/fete-de-science-tarn\/"]}]},{"@type":"BreadcrumbList","@id":"https:\/\/www.idrr.fr\/WordPress\/des-actions-fortes\/fete-de-science-tarn\/#breadcrumb","itemListElement":[{"@type":"ListItem","position":1,"name":"Accueil","item":"https:\/\/www.idrr.fr\/WordPress\/"},{"@type":"ListItem","position":2,"name":"Des actions fortes","item":"https:\/\/www.idrr.fr\/WordPress\/des-actions-fortes\/"},{"@type":"ListItem","position":3,"name":"F\u00eate de la science Tarn"}]},{"@type":"WebSite","@id":"https:\/\/www.idrr.fr\/WordPress\/#website","url":"https:\/\/www.idrr.fr\/WordPress\/","name":"IDRR","description":"Institut de D\u00e9veloppement des Ressources Renouvelables","publisher":{"@id":"https:\/\/www.idrr.fr\/WordPress\/#organization"},"potentialAction":[{"@type":"SearchAction","target":{"@type":"EntryPoint","urlTemplate":"https:\/\/www.idrr.fr\/WordPress\/?s={search_term_string}"},"query-input":"required name=search_term_string"}],"inLanguage":"fr-FR"},{"@type":"Organization","@id":"https:\/\/www.idrr.fr\/WordPress\/#organization","name":"IDRR","url":"https:\/\/www.idrr.fr\/WordPress\/","logo":{"@type":"ImageObject","inLanguage":"fr-FR","@id":"https:\/\/www.idrr.fr\/WordPress\/#\/schema\/logo\/image\/","url":"https:\/\/www.idrr.fr\/WordPress\/wp-content\/uploads\/2016\/09\/Iconne-logo_02.png","contentUrl":"https:\/\/www.idrr.fr\/WordPress\/wp-content\/uploads\/2016\/09\/Iconne-logo_02.png","width":89,"height":88,"caption":"IDRR"},"image":{"@id":"https:\/\/www.idrr.fr\/WordPress\/#\/schema\/logo\/image\/"}}]}},"_links":{"self":[{"href":"https:\/\/www.idrr.fr\/WordPress\/wp-json\/wp\/v2\/pages\/364"}],"collection":[{"href":"https:\/\/www.idrr.fr\/WordPress\/wp-json\/wp\/v2\/pages"}],"about":[{"href":"https:\/\/www.idrr.fr\/WordPress\/wp-json\/wp\/v2\/types\/page"}],"author":[{"embeddable":true,"href":"https:\/\/www.idrr.fr\/WordPress\/wp-json\/wp\/v2\/users\/1"}],"replies":[{"embeddable":true,"href":"https:\/\/www.idrr.fr\/WordPress\/wp-json\/wp\/v2\/comments?post=364"}],"version-history":[{"count":2,"href":"https:\/\/www.idrr.fr\/WordPress\/wp-json\/wp\/v2\/pages\/364\/revisions"}],"predecessor-version":[{"id":557,"href":"https:\/\/www.idrr.fr\/WordPress\/wp-json\/wp\/v2\/pages\/364\/revisions\/557"}],"up":[{"embeddable":true,"href":"https:\/\/www.idrr.fr\/WordPress\/wp-json\/wp\/v2\/pages\/231"}],"wp:featuredmedia":[{"embeddable":true,"href":"https:\/\/www.idrr.fr\/WordPress\/wp-json\/wp\/v2\/media\/554"}],"wp:attachment":[{"href":"https:\/\/www.idrr.fr\/WordPress\/wp-json\/wp\/v2\/media?parent=364"}],"curies":[{"name":"wp","href":"https:\/\/api.w.org\/{rel}","templated":true}]}}